?
21
Suppose -h = 6 - 3, p + 6 = -4*h. Calculate the remainder when 3/p - 219/(-6) is divided by 19.
18
Suppose 0 = -9*w - c + 4*c + 16218, -w = c - 1806. Calculate the remainder when w is divided by 86.
83
Let i(d) = d**3 - 3*d**2 + d + 4. Let c be i(2). Suppose 4*v = -q - q + 102, 0 = -c*q + v + 92. Calculate the remainder when q is divided by 12.
11
Let g = 22 - -6. Calculate the remainder when g is divided by 13.
2
Let q(s) = 4*s + 37. What is the remainder when 19 is divided by q(-7)?
1
Let f(r) = -2*r**2 - 24*r - 65. Calculate the remainder when 18 is divided by f(-6).
4
Suppose 0 = 2*r + 9*l - 7*l - 78, 0 = -r - 5*l + 39. Let v(m) = -m**3 - 10*m**2 - 3*m - 9. What is the remainder when r is divided by v(-10)?
18
Let p(t) = 5*t - 3. Calculate the remainder when 103 is divided by p(5).
15
Let j be ((-3720)/(-100))/((-1)/(-5)). Suppose -4*o + 376 = -4*x, -2*o + 4*x - x = -j. What is the remainder when o is divided by 26?
18
Suppose 3*z - 9 = -0*z, 5*t + 5*z = 145. Let i(m) = -3 - 6 + 5 - 15*m. Calculate the remainder when i(-7) is divided by t.
23
Let v be -3*3/3*-1. Suppose -3*g = 4*q - 62, 3*g + g - 41 = v*q. What is the remainder when g is divided by 2 + 5/((-10)/(-12))?
6
Let g = -679 + 802. What is the remainder when g is divided by 45?
33
Let d = -59 - -59. Calculate the remainder when 3 - ((d - -5) + -38) is divided by 14.
8
Let u(s) = 71*s**2 - s - 2. Let w be u(1). Suppose 4*q - w = -4*j + 24, 109 = 5*j + 3*q. Calculate the remainder when j is divided by 14.
6
Suppose -4*z + 7*z = f - 52, -3*z = 6. What is the remainder when f is divided by 35?
11
Let f = -18 + 38. Suppose -1245 = -414*q + 419*q. Let k = 255 + q. What is the remainder when f is divided by k?
2
Suppose -3*s + i + 89 = 0, 3*s - 85 = -i - 0*i. Suppose 23 = 4*o + 3*t, 4*t = -2*o + s - 5. Let m(j) = 2*j - 6. What is the remainder when o is divided by m(4)?
0
Suppose 3*u = -p + 34, u + 3*p = -1 + 7. Let r = -6 - -41. What is the remainder when r is divided by u?
11
Suppose -f + b = -1002, -3*f + 4*f + b - 1012 = 0. Calculate the remainder when f is divided by 72.
71
Suppose -12 = -8*v + 3*v - 3*d, d = -v + 2. Let w be (v - (-2 + 5)) + -4. Calculate the remainder when 50 is divided by -13*(4 - 0)/w.
11
What is the remainder when (-2 - 32/(-20))*-170 is divided by -3*(-3 - 42/9)?
22
Let t = -1271 + 1299. What is the remainder when 3217 is divided by t?
25
Let u be ((-12)/16)/((-1)/(-4)). Let l be u - -1 - (-195 - 3). Suppose -3*f - 3*m - m = -106, -3*m = -5*f + l. Calculate the remainder when f is divided by 13.
12
Suppose -286*c + 299*c = 1430. Calculate the remainder when c is divided by 44.
22
Let k(z) be the third derivative of -z**5/60 - z**4/24 + z**3/6 + 12*z**2. Calculate the remainder when k(-1) is divided by ((-8)/(-12))/((-2)/(-3)).
0
Let o(g) = -5*g - 7 - 10*g + g**2 - 1 + 5*g. Let s be o(11). Suppose 3*f - z - 190 = -2*z, s*f - 2*z = 178. Calculate the remainder when f is divided by 16.
14
Let y(c) = c**2 - 10*c + 13. Suppose 72 = 12*g - 4*g. What is the remainder when 13 is divided by y(g)?
1
Let c(o) = o**3 - 4*o**2 - 2*o - 8. Let g be c(5). Suppose 78 = g*b - 4*b. What is the remainder when b is divided by 4/14 - 94/(-14)?
5
Let d be (-7)/(3/18*-3). What is the remainder when d + (1 - 4) + 0 is divided by 7?
4
Calculate the remainder when 355 is divided by (-306)/12*(4 - (-78)/(-9)).
117
Suppose -5*m = m - 12. Suppose -m*d - 2*d = -5*a - 42, -d + 14 = -3*a. Calculate the remainder when 15 is divided by d.
7
Let i(f) = 219*f - 875. Calculate the remainder when i(9) is divided by 55.
51
Let u(w) = -w**3 + 3*w**2 - 2*w + 8. What is the remainder when 27 is divided by u(0)?
3
Let t(a) = -64*a**3 - 7*a**2 - 6*a. Suppose -20 = 5*o + c, -5*o + 5*c - c = 45. Let y(f) = -4*f - 4. Calculate the remainder when t(-1) is divided by y(o).
15
Suppose 2*c - 5 = c. Suppose 4*a - 3*a + 1 = x, 29 = c*x + 3*a. Let l = 11294 - 11287. Calculate the remainder when l is divided by x.
3
Let u = 281 + -246. What is the remainder when 524 is divided by u?
34
Let z be 2/(-5) + (-2496)/(-65). Let n = 54 - z. Calculate the remainder when (18/(-4))/(6/(-60)) is divided by n.
13
Suppose 0 = 8*h - 107 - 53. What is the remainder when 38 is divided by h?
18
Let m = 32 - 9. Suppose 33 = -20*d + m*d. Calculate the remainder when 74 is divided by d.
8
Suppose 4*a - 7 - 5 = 0. What is the remainder when 135 is divided by ((-2)/(-3)*a)/(6/69)?
20
Let t = 124 - 55. Let l = 336 + -318. What is the remainder when t is divided by l?
15
Let j = -311 + 356. Calculate the remainder when j is divided by 6.
3
Let a be (-108)/(-45) + (-5)/((-50)/6). Suppose 2*r - 171 = a*o - 6*o, o = 1. What is the remainder when r is divided by 30?
24
Suppose -d - 2*j + 25 = 0, -3*d + 2*j + 150 = d. Let w(h) = -2*h**3 - 68*h**2 - 3*h - 84. What is the remainder when d is divided by w(-34)?
17
Let n(x) = -x**3 + 27*x**2 - 47*x - 23. Calculate the remainder when 103 is divided by n(25).
51
Let i(q) = -q**2 + 4*q - 1. Let c be i(3). Let g(t) = -t**3 - t**3 - 5*t - c - 3 - t**2 + t**3. Calculate the remainder when 15 is divided by g(-2).
6
Let i = 804 - 704. What is the remainder when 265 is divided by i?
65
Suppose i - 2 = j, 4*j - i = 2 + 2. Suppose 297 + 35 = j*v. Calculate the remainder when v is divided by 28.
26
Suppose -6*k - 30 = -3*k. Let y be 2*-5*4/k. Suppose n - y = -n. What is the remainder when 5 is divided by n?
1
Let h(y) = -4*y - 6*y + 26*y**2 + 10*y. Suppose -2*l + 92 = -2*x, 5*x = -7 + 32. What is the remainder when l is divided by h(-1)?
25
Suppose -4*r + 5*h = 4*h - 53, 4*r - 5*h = 73. Suppose -4*s + 8 = -r. Suppose -6*d + 5*d = -3. What is the remainder when s is divided by d?
2
Suppose 9*v - 98 = -5*v. Calculate the remainder when (-16)/56 + 247/v is divided by 6.
5
Let m(o) = -o**3 - 4*o**2 + 8*o - 3. What is the remainder when m(-7) is divided by ((-2)/7 + (-4565)/1540)*(-24)/6?
10
Let h(n) = n**2 - 2*n - 6. Calculate the remainder when h(7) is divided by 21.
8
Let f(k) = -k**3 + 8*k**2 + 10. Let m(v) = -3*v**3 - 12*v**2 - 15*v + 17. What is the remainder when m(-3) is divided by f(8)?
5
Let x = -2 - -102. What is the remainder when x is divided by (32 - 0) + (-1 - -3)?
32
Let c = 23 + 43. Let b = 215 + c. Let q = b - 199. Calculate the remainder when q is divided by 21.
19
Let a = 302 + -266. Calculate the remainder when a is divided by 10.
6
Let w(o) = o**3 - 8*o**2 - 9*o + 4. Let q be w(9). Suppose 0*z + q*z = -5*m + 78, m = -5*z + 24. What is the remainder when 109 is divided by m?
11
Suppose -2*f - 576 = -6*f + 2*u, -5*u = -4*f + 570. What is the remainder when f is divided by 30?
25
Let d(p) = p**2 + 6*p - 69. Calculate the remainder when 2001 is divided by d(10).
90
Suppose x = 5*x - 32. Let a(p) = -33*p + 89. Calculate the remainder when a(2) is divided by x.
7
Calculate the remainder when ((-7)/((-49)/5754))/(4/6) is divided by 103.
100
Let i(a) = a**3 + 9*a**2 + 8*a - 1. Let f be i(-8). Let t(m) = 13*m**2 + 1. Let x be t(f). Let g = 30 - x. What is the remainder when 31 is divided by g?
15
Let z = -421 - -462. Suppose -3*y + y - 6 = 0. Let t = y + 18. What is the remainder when z is divided by t?
11
Let g(v) = -v**2 + 8*v + 4. Let y be g(7). Let l = y - 4. Suppose -5*m = -a - 12 - 51, 24 = m - 4*a. Calculate the remainder when m is divided by l.
5
Suppose 5*p - j - 2316 = 0, -j + 468 = 29*p - 28*p. Calculate the remainder when p is divided by 55.
24
Suppose -1352 = -604*z + 591*z. What is the remainder when z is divided by 90?
14
Let h(x) = 114*x - 99. Calculate the remainder when 129 is divided by h(1).
9
Let p(l) = 9*l + 2. Let w(v) = -60*v - 442. Calculate the remainder when w(-9) is divided by p(2).
18
Let z(w) = -6*w + w - w**2 - 2*w - 2. Suppose 3*f + 14 - 4 = -m, -10 = 4*f + 2*m. Calculate the remainder when 29 is divided by z(f).
5
Let n = -11 + 11. Suppose -2*p - 2 + 16 = n. Suppose 4*f - 78 = a, -2*a - 10 = 3*a. What is the remainder when f is divided by p?
5
Let a = -107 - -160. Let j = a + 81. What is the remainder when j is divided by 34?
32
Suppose -353 = a - 4*a - i, 470 = 4*a + 2*i. Let c = -13471 + 13486. Calculate the remainder when a/4 - 2/4 is divided by c.
14
Let a be 3/(60/16)*-10. Let l = 7 + a. What is the remainder when (-3 - -5) + 144 + l is divided by 37?
34